Suppose -2*z = -3*s - 1247, 3*s = -3*z - 397 + 2290. Calculate the highest common factor of z and 8.
4
Let l(n) = 13*n**2 + n. Suppose 5*y - 8 = -4*f - 3, 0 = 5*y - 4*f + 35. Let g be l(y). Let w = 1066 - 1047. What is the greatest common divisor of g and w?
19
Let l be ((-341)/33 + 10)/(1/(-45)). Calculate the highest common factor of 21 and l.
3
Suppose -1722 = -99*v + 159. Calculate the greatest common factor of 817 and v.
19
Let h be (-6)/4*148/(-6). Calculate the greatest common factor of 111 and h.
37
Let k(v) = -v**2 + v + 41. Let h be k(0). Let d = -40 + h. Calculate the highest common factor of 5 and d.
1
Suppose -2*z - 4*b + 510 = 0, b = 4*z - 4*b - 1020. Calculate the greatest common divisor of 425 and z.
85
Let b = 16 - 3. Let v = 1136 - 1071. Calculate the greatest common divisor of b and v.
13
Let a be (-50)/(-3)*(-2 - -8). What is the highest common divisor of a and 30?
10
Let x = -1379 - -1681. What is the highest common divisor of x and 4?
2
Let z = 9 + -3. Suppose -2*r = 2, k - r + 14 = -z*r. Let s(y) = -y**2 - 12*y - 11. Let p be s(k). What is the greatest common factor of p and 8?
8
Let l be 6/4 - 95/(-2). Suppose 0 = -2*v - 0*v + 14. Calculate the highest common factor of l and v.
7
Let z = -11 + 9. Let k be -2 + (91 - (z + 1)). Let n be (-50)/(-2)*24/60. Calculate the greatest common factor of n and k.
10
Suppose c - 3*y = 165, 5*c + 2*y - 740 = -0*c. Suppose 2*r + 3 = -7, 2*r = 5*x - c. What is the greatest common factor of x and 70?
14
Suppose 0 = -3*n - j + 23, -5*n + 4*j + 22 + 5 = 0. Suppose -4*b + n*b - 40 = -5*x, 3*x = -3*b + 36. What is the highest common factor of b and 15?
5
Suppose -5*u - 5*j + 4 + 51 = 0, 53 = 3*u - 2*j. Suppose -u*y = -12*y - 297. What is the highest common divisor of 66 and y?
33
Let d(h) = 2 - 2 + 5*h + 6 - 1 + h**2. Let t be d(-5). What is the highest common factor of t and 55?
5
Let u be (11 + -7 - -36)*10. What is the highest common divisor of 50 and u?
50
Suppose 81*a = 83*a - 112. What is the highest common factor of 42 and a?
14
Let w(g) = -g**2 + g - 47. Let y be w(0). Let f = y + 58. Calculate the highest common factor of 88 and f.
11
Suppose 3*g + 7 = 13. Let n be g*(-4 + 14)/(-2 - -6). What is the highest common divisor of 1 and n?
1
Let h be (-8)/(-4) - (-1 + -6). Suppose h*c - 210 = 2*c. Let t = 69 - 24. Calculate the greatest common factor of t and c.
15
Suppose -169 = -5*i + 1021. What is the greatest common divisor of i and 42?
14
Suppose 2*l = 3*k + 31, -6*l + 48 = -4*k - 5*l. Let t(p) = 13*p**2 + 0*p + p**3 + 0*p + p + 19. Let u be t(k). What is the greatest common divisor of u and 54?
6
Let a be (-19*10/(-15))/(4/42). Calculate the greatest common divisor of a and 532.
133
Suppose -2*l = -j - 8, 10 - 71 = 2*j + 5*l. Let a(s) = -2*s**3 + s - 2. Let p be a(1). Let u = p - j. What is the highest common factor of u and 120?
15
Suppose n - 2*n - 10 = 0. Suppose 4*j - 5*j = 20. Let m = n - j. Calculate the greatest common factor of 110 and m.
10
Let c be ((-532)/(-6))/((-2)/(-3)). Calculate the highest common factor of c and 14.
7
Let o be (8*2)/((-2)/(-10)). Let a(n) = -n - 2. Let x be a(0). Let g be (-27)/(-1) - x - (0 - 3). What is the greatest common divisor of g and o?
16
Suppose -3*v = 2*f - 36, -6*v + 48 = -2*v - 3*f. Calculate the highest common factor of v and 60.
12
Let u(a) = -68*a - 58. Let f be u(-2). What is the highest common divisor of f and 195?
39
Suppose n = 2*n - 36. Let o = n - 25. What is the highest common factor of o and 11?
11
Suppose -360 = -5*s + 225. What is the greatest common factor of 13 and s?
13
Let z = 471 - 417. Suppose 19 = -3*g - 0*w - 5*w, 4*g + 4*w + 12 = 0. Suppose 16 = g*s - 20. What is the greatest common divisor of s and z?
18
Suppose 0 = -3*n + 2*n - 3. Let h be n + 3 + (-2 - -2). Suppose h = -2*u - 3*d + 273, 4*u + 0*u = -2*d + 542. Calculate the greatest common factor of u and 15.
15
Let b = 0 - -1. Suppose -29*o = -27*o + 2. Let c be 2 + o - (-19)/b. Calculate the highest common factor of c and 10.
10
Suppose -3*d - w = -9 - 3, -w = -4*d + 16. Suppose -5*u + 2*s + 996 = 0, u - 6*u = -d*s - 1002. What is the highest common divisor of u and 18?
18
Suppose 70*j - 71*j - 2 = 0. Let t = j + 3. What is the greatest common factor of t and 9?
1
Suppose 2*z = 7*z - 2*n - 260, 2*n + 60 = z. Let p be (2 + 0)/(20/z). What is the greatest common factor of p and 65?
5
Suppose -2*s + 8 = 2*s. Suppose s*l - 105 = 33. What is the greatest common factor of l and 23?
23
Suppose -i = i - 4. Suppose -i*v + 3*v = 0. Let m be v - (-1)/1 - -13. What is the highest common factor of 84 and m?
14
Let q(b) = 3*b**3 - 9*b**2 + 3*b - 1. Let v be q(4). Calculate the greatest common factor of v and 413.
59
Suppose 6*s - 8 - 4 = 0. Let z(b) = b**3 - 3*b**2 - 8*b + 7. Let g be z(5). Let r = g - s. Calculate the highest common divisor of r and 45.
15
Let i(g) = -g**3 - 2*g**2 + 7*g + 15. Let c be i(-4). What is the highest common divisor of c and 2033?
19
Let z = 10 + 50. Let j(g) = 96*g**2 + 6*g - 7. Let i be j(1). Let l = i - 71. Calculate the highest common divisor of l and z.
12
Suppose f + 103 = n + 2*f, -4*f + 115 = n. Suppose 3*x - 45 = n. Suppose 5*t = 2*t + x. What is the highest common factor of t and 48?
16
Let x(u) = -3*u - 8. Let v be x(-6). Let d be 28 - (-2 - (2 + -2)). Calculate the greatest common factor of v and d.
10
Let m be 360/(-63)*(-147)/14. Calculate the highest common factor of 144 and m.
12
Let p = -219 - -898. What is the highest common divisor of 7 and p?
7
Suppose -3*g = 2*u - 5*g, g = -2*u + 15. Suppose 2*y + 23 = u*a, 6*y + 16 = 2*y + 4*a. Calculate the greatest common divisor of y and 3.
1
Let j be (-6)/72*-6*64. Let h be (-5 + 2)*(-160)/6. What is the greatest common divisor of j and h?
16
Let l = 33 - 51. Let m be 12/l*-9 - (1 + -3). What is the greatest common factor of m and 72?
8
Let s(c) = c - 8. Let i be s(11). Let t(y) = y**2 + 7*y - 20. Let f be t(-11). What is the highest common divisor of f and i?
3
Suppose 3*k - 8 = -f, -6*k - 38 = -f - 3*k. Let t(l) = -l + 14. Let b be t(16). Let q be 1/(((-4)/414)/b). Calculate the greatest common factor of q and f.
23
Let i be -6 + -14 + -2*2. Let r = i + 43. Calculate the greatest common factor of 152 and r.
19
Suppose -2*r - 3*b = -0*b - 144, 3*r + b - 223 = 0. Calculate the greatest common factor of 105 and r.
15
Let t = -1358 - -2069. Calculate the highest common divisor of t and 18.
9
Suppose -18 = -3*r - 9. Suppose -3*u + 81 = -r*i + 4*i, 0 = -2*u - 3*i + 54. What is the greatest common divisor of 3 and u?
3
Let a be ((-4)/10)/(8/(-200)). Let b be 1/2 + a/4. What is the highest common divisor of b and 12?
3
Let o(v) = -3*v - 16. Let b be o(-8). Suppose -k + 5*k - 12 = 0. Let u be 270/k + 0 + -2. Calculate the highest common divisor of u and b.
8
Suppose 89 - 33 = 2*q. Suppose -2*y + 5*k = -q, -4*y + 37 = y + 4*k. What is the highest common divisor of y and 18?
9
Suppose -15*h = -20*h + 180. Suppose n - 114 = -h. What is the highest common factor of 26 and n?
26
Suppose -22 = 3*c - a - 318, 5*c = 2*a + 494. Suppose -32 = -5*d + c. Calculate the highest common divisor of d and 39.
13
Let b be 2/(-4 + 3) - -13. What is the greatest common divisor of 33 and b?
11
Suppose -2*i = -5*c + 87 - 1, -4*c = -i - 49. Let w be (-11)/(i/30) + -4. Suppose 20*l - 23*l = -w. Calculate the highest common factor of l and 16.
2
Let l = 54 + -49. Suppose l*q - 92 = 28. Calculate the highest common factor of 96 and q.
24
Let p be (14/(-6))/((-78)/(-27) - 3). Suppose 945 = 11*r - 6*r. Calculate the highest common divisor of p and r.
21
Let v(c) = -c**2 + 13*c - 28. Let o be v(10). Suppose o = 4*z - 26. Calculate the highest common divisor of 7 and z.
7
Let y be 2/6*-20*117/(-13). What is the greatest common factor of y and 75?
15
Suppose h = -3*x - 3*h - 1, 0 = 4*x - 2*h - 6. Let a be (56/4 - 1)/x. Let w = a - 12. Calculate the greatest common factor of w and 8.
1
Let l(k) = k**3 - 18*k**2 - 88*k + 34. Let c be l(22). Calculate the highest common divisor of 1003 and c.
17
Let k(c) = c**3 - 18*c**2 + 60*c - 38. Let v be k(14). Calculate the highest common divisor of v and 144.
18
Let t(n) be the first derivative of 11*n**3/3 - n**2/2 - n - 18. Let u be t(-1). Let x be ((-34)/(-10) + 1)*5. What is the